r when 24 is divided by 6?
0
Calculate the remainder when 290 is divided by 49.
45
What is the remainder when 276 is divided by 20?
16
Calculate the remainder when 49 is divided by 16.
1
Calculate the remainder when 162 is divided by 78.
6
Calculate the remainder when 263 is divided by 41.
17
Calculate the remainder when 400 is divided by 15.
10
What is the remainder when 464 is divided by 159?
146
Calculate the remainder when 440 is divided by 164.
112
What is the remainder when 881 is divided by 17?
14
What is the remainder when 208 is divided by 21?
19
Calculate the remainder when 244 is divided by 37.
22
Calculate the remainder when 205 is divided by 43.
33
Calculate the remainder when 736 is divided by 82.
80
Calculate the remainder when 83 is divided by 29.
25
Calculate the remainder when 243 is divided by 61.
60
What is the remainder when 180 is divided by 62?
56
What is the remainder when 115 is divided by 63?
52
What is the remainder when 428 is divided by 73?
63
What is the remainder when 97 is divided by 40?
17
What is the remainder when 525 is divided by 88?
85
Calculate the remainder when 8078 is divided by 385.
378
What is the remainder when 1057 is divided by 116?
13
Calculate the remainder when 5851 is divided by 1950.
1
Calculate the remainder when 43 is divided by 27.
16
Calculate the remainder when 816 is divided by 8.
0
What is the remainder when 1617 is divided by 203?
196
What is the remainder when 192 is divided by 169?
23
Calculate the remainder when 370 is divided by 99.
73
Calculate the remainder when 118 is divided by 60.
58
Calculate the remainder when 361 is divided by 103.
52
What is the remainder when 727 is divided by 703?
24
Calculate the remainder when 81 is divided by 34.
13
Calculate the remainder when 255 is divided by 27.
12
What is the remainder when 190 is divided by 67?
56
Calculate the remainder when 571 is divided by 281.
9
Calculate the remainder when 2121 is divided by 101.
0
What is the remainder when 974 is divided by 140?
134
Calculate the remainder when 33 is divided by 25.
8
What is the remainder when 231 is divided by 95?
41
What is the remainder when 257 is divided by 29?
25
Calculate the remainder when 60 is divided by 36.
24
What is the remainder when 135 is divided by 74?
61
What is the remainder when 220 is divided by 100?
20
Calculate the remainder when 2905 is divided by 15.
10
What is the remainder when 1512 is divided by 17?
16
Calculate the remainder when 23 is divided by 16.
7
Calculate the remainder when 379 is divided by 3.
1
What is the remainder when 388 is divided by 10?
8
What is the remainder when 147 is divided by 54?
39
Calculate the remainder when 154 is divided by 99.
55
Calculate the remainder when 1580 is divided by 93.
92
What is the remainder when 679 is divided by 31?
28
What is the remainder when 172 is divided by 5?
2
What is the remainder when 17 is divided by 5?
2
What is the remainder when 1273 is divided by 4?
1
Calculate the remainder when 191 is divided by 24.
23
Calculate the remainder when 1685 is divided by 170.
155
Calculate the remainder when 269 is divided by 258.
11
What is the remainder when 1349 is divided by 9?
8
Calculate the remainder when 1063 is divided by 82.
79
Calculate the remainder when 163 is divided by 25.
13
What is the remainder when 4030 is divided by 47?
35
Calculate the remainder when 691 is divided by 26.
15
What is the remainder when 111 is divided by 96?
15
What is the remainder when 446 is divided by 101?
42
Calculate the remainder when 1 is divided by 1.
0
What is the remainder when 416 is divided by 14?
10
Calculate the remainder when 330 is divided by 107.
9
Calculate the remainder when 104 is divided by 7.
6
Calculate the remainder when 728 is divided by 142.
18
What is the remainder when 3715 is divided by 1236?
7
Calculate the remainder when 5489 is divided by 61.
60
What is the remainder when 114 is divided by 31?
21
What is the remainder when 3064 is divided by 339?
13
What is the remainder when 191 is divided by 13?
9
What is the remainder when 881 is divided by 34?
31
Calculate the remainder when 91 is divided by 20.
11
What is the remainder when 1901 is divided by 184?
61
Calculate the remainder when 1092 is divided by 180.
12
What is the remainder when 607 is divided by 61?
58
Calculate the remainder when 171 is divided by 29.
26
Calculate the remainder when 3092 is divided by 1030.
2
What is the remainder when 102 is divided by 95?
7
What is the remainder when 204 is divided by 146?
58
Calculate the remainder when 115 is divided by 15.
10
Calculate the remainder when 23 is divided by 14.
9
What is the remainder when 1793 is divided by 23?
22
What is the remainder when 204 is divided by 31?
18
What is the remainder when 950 is divided by 490?
460
Calculate the remainder when 3278 is divided by 156.
2
Calculate the remainder when 677 is divided by 97.
95
Calculate the remainder when 137 is divided by 13.
7
What is the remainder when 24 is divided by 15?
9
What is the remainder when 1482 is divided by 145?
32
Calculate the remainder when 1584 is divided by 528.
0
What is the remainder when 52 is divided by 16?
4
What is the remainder when 1924 is divided by 77?
76
What is the remainder when 3421 is divided by 16?
13
What is the remainder when 106 is divided by 19?
11
What is the remainder when 25 is divided by 9?
7
Calculate the remainder when 498 is divided by 104.
82
What is the remainder when 168 is divided by 60?
48
What is the remainder when 134 is divided by 115?
19
Calculate the remainder when 483 is divided by 121.
120
Calculate the remainder when 88 is divided by 5.
3
What is the remainder when 6910 is divided by 32?
30
What is the remainder when 1635 is divided by 145?
40
What is the remainder when 153 is divided by 39?
36
Calculate the remainder when 1761 is divided by 14.
11
Calculate the remainder when 645 is divided by 208.
21
Calculate the remainder when 8948 is divided by 2235.
8
What is the remainder when 83 is divided by 25?
8
Calculate the remainder when 4510 is divided by 94.
92
What is the remainder when 1911 is divided by 33?
30
What is the remainder when 73 is divided by 15?
13
What is the remainder when 71 is divided by 14?
1
What is the remainder when 300 is divided by 20?
0
Calculate the remainder when 121 is divided by 83.
38
What is the remainder when 194 is divided by 29?
20
What is the remainder when 105 is divided by 85?
20
What is the remainder when 1728 is divided by 571?
15
Calculate the remainder when 262 is divided by 105.
52
What is the remainder when 409 is divided by 133?
10
Calculate the remainder when 216 is divided by 55.
51
Calculate the remainder when 19 is divided by 5.
4
What is the remainder when 688 is divided by 69?
67
What is the remainder when 1090 is divided by 544?
2
What is the remainder when 1418 is divided by 43?
42
What is the remainder when 680 is divided by 76?
72
What is the remainder when 63 is divided by 8?
7
Calculate the remainder when 37 is divided by 19.
18
Calculate the remainder when 205 is divided by 60.
25
What is the remainder when 847 is divided by 12?
7
What is the remainder when 104 is divided by 16?
8
Calculate the remainder when 80 is divided by 27.
26
Calculate the remainder when 3131 is divided by 521.
5
Calculate the remainder when 374 is divided by 132.
110
What is the remainder when 271 is divided by 13?
11
Calculate the remainder when 79 is divided by 8.
7
What is the remainder when 255 is divided by 123?
9
What is the remainder when 602 is divided by 149?
6
Calculate the remainder when 1119 is divided by 294.
237
Calculate the remainder when 117 is divided by 70.
47
Calculate the remainder when 652 is divided by 165.
157
What is the remainder when 2753 is divided by 45?
8
What is the remainder when 190 is divided by 16?
14
What is the remainder when 7762 is divided by 2587?
1
Calculate the remainder when 723 is divided by 52.
47
Calculate the remainder when 83 is divided by 6.
5
Calculate the remainder when 17 is divided by 9.
8
Calculate the remainder when 6729 is divided by 132.
129
Calculate the remainder when 154 is divided by 4.
2
What is the remainder when 1486 is divided by 741?
4
What is the remainder when 194 is divided by 5